2368, -25 = 5*w. Suppose -63 + t = 7*y. What is the units digit of y?
3
Suppose 5*p = 2*j - 184, -5*p - 3*j = 299 - 100. Let k = p + 84. What is the tens digit of k?
4
Suppose 3*j = -2*p + 60, 0*j = -p - j + 31. Suppose 0 = -13*n - p*n + 63434. What is the hundreds digit of n?
3
Suppose 1258 + 7932 = 10*i. What is the units digit of i?
9
Let b(s) = -3*s + 1. Let q be b(-2). Suppose -450 = -q*x - 2*x. What is the units digit of x?
0
Suppose 0 = -133*u - u + 912272. What is the tens digit of u?
0
What is the tens digit of (12/(2 + -4) - -8333) + 6?
3
Suppose 5 = 5*k + 2*g + 2, -2*k + 2*g + 4 = 0. What is the units digit of 1 - 0 - -333 - (-2 + k)?
5
Let o = -26118 + 40596. What is the hundreds digit of o?
4
Let p be 201 - 1*4/(-1). Suppose 2*s = p + 279. What is the hundreds digit of s?
2
Let i be (-4)/3 + (-4 - 13660/15). What is the units digit of ((-4)/8)/(1/i)?
8
Let a be -3 - ((-4)/(-4) + -3*2). Suppose -4*j + 15 = 3*c, 5*c - 4*j + 5 = -a. What is the tens digit of (c - 6)/(10/(-30))?
1
Let p(f) = f**3 + 2*f**2 + f. Let w(u) = -u**2 - u - 1. Let a(j) = p(j) + 6*w(j). Let z(y) = -y - 15. Let x be z(-22). What is the hundreds digit of a(x)?
1
Let k(n) = -2*n**2 - 75*n + 5. Let x be k(-35). Suppose -2*l = -l - 3. Suppose -l*d + x = -354. What is the units digit of d?
8
Suppose 4*q - 3*q - 13 = -3*w, 43 = 3*q + 5*w. Let d(b) = -b**3 + 17*b**2 + 46. What is the units digit of d(q)?
2
What is the units digit of (4 + ((-38806)/(-78) - 2/(-13)))*3?
5
Let c(v) = v**3 - 13*v**2 + 3*v + 29. Let u be c(12). Let d = u - -142. Suppose m - 16 = d. What is the tens digit of m?
7
Suppose 3092 = -6*x + 8*x + 2*n, 4*n + 20 = 0. Suppose -x + 492 = -3*j. What is the hundreds digit of j?
3
Let k(y) be the third derivative of -9*y**6/40 + y**5/20 + y**4/3 + y**2 - 15. What is the tens digit of k(-3)?
3
Let d = 205 - -935. Suppose 0 = 2*a + 2*a + u - d, -5*a = -5*u - 1400. Suppose 0*c - 2*c = 3*v - 156, -4*c = -v - a. What is the tens digit of c?
7
Let k be 1881/2*(23/3 - 9). Let c = -359 - k. What is the units digit of c?
5
Suppose 3*t - 2*s = 3*s + 152876, t - 50955 = -2*s. What is the units digit of t?
7
Suppose 0 = -k + 3, -5*k + 163629 = 3*j + 3*j. What is the hundreds digit of j?
2
What is the hundreds digit of (-1 - -16939)*(-8)/(-12)?
2
Suppose 3*n = -3*f + 155361, 2*n - 39580 = 4*f - 246692. What is the tens digit of f?
8
Let x(n) = n**2 + 9*n + 17. Let u be x(-7). Let p(t) = t**2 + 3 + 6*t + 2*t**3 - 7 + 0. What is the tens digit of p(u)?
7
What is the thousands digit of 44487 - -20 - (-69)/3?
4
Suppose -154 - 1205 = -y + 5*h, 5*h + 4057 = 3*y. What is the hundreds digit of y?
3
Let h = 3005 - 2190. What is the tens digit of h?
1
Let r(k) = 39*k**2 + k + 2. Let p(u) = -u + 3. Let f be p(-4). Suppose 11*h + f = 4*h. What is the units digit of r(h)?
0
Suppose 0 = 3*g - 5*v - 27281, 5*g + 50*v - 45495 = 53*v. What is the tens digit of g?
0
Let i = -19909 - -21045. What is the thousands digit of i?
1
Suppose -2*n + 3*r - 33 = -12, 29 = -3*n + 4*r. What is the units digit of n - 838/(-2) - (-7 - -4)?
9
Let x = 30749 + -17583. What is the units digit of x?
6
Let r(o) = 13*o**2 + 79*o + 44. What is the hundreds digit of r(7)?
2
What is the tens digit of -4 - (1 + (-88)/8 + -387)?
9
Let b = -1866 - -11045. What is the tens digit of b?
7
Let z(f) = 194*f**2 + 41*f + 623. What is the thousands digit of z(-11)?
3
Let q = 5008 + 21639. What is the thousands digit of q?
6
Let u(m) = -2*m**3 - 12*m**2 + 65*m - 8. What is the units digit of u(-19)?
3
Suppose 0*z + 5 = x + 2*z, -z - 10 = 3*x. What is the tens digit of x - (-121)/(-1)*-5?
0
Suppose -2*k - w + 1096 = 0, -k = 4*k + w - 2743. Let j = 948 - k. Let v = -285 + j. What is the hundreds digit of v?
1
Let y(d) = 2*d - 10. Let k be y(0). Let j = k + -24. Let x = 44 + j. What is the tens digit of x?
1
Suppose 0 = -4*w + 3*u + 28129 + 267983, -w - 4*u + 73990 = 0. What is the units digit of w?
2
Let s(c) = -c**2 + 18*c + 37. Let h be s(-17). Let v = h + 786. What is the units digit of v?
8
Suppose 317*f - 311*f = 4308. Let p = f + -113. What is the tens digit of p?
0
Let p be 1282 - (12/20 - 23/5). What is the units digit of (-5)/120*-12 - p/(-4)?
2
What is the tens digit of (54/(-6) + -4004)*-1?
1
Let k be (-1 - -22)/(-7) + 1 + 4. Suppose -4795 = -9*i + k*i. What is the units digit of i?
5
Suppose 0 = -4*q + 8207 - 2287. Suppose -9*f + q = -1859. Suppose -5*h = 5*t - 211 - 219, -5*t = -4*h + f. What is the tens digit of h?
8
Let s(a) be the second derivative of -a**4/6 - 7*a**3/3 + 14*a**2 + 6*a. Let r be s(-12). Let p = -62 - r. What is the tens digit of p?
3
Suppose -4*r = 2*u - 32752 - 35964, -r - 2*u + 17173 = 0. What is the tens digit of r?
8
Let h = -31 - -32. Let l = -13 + h. What is the tens digit of (28/l)/(2/(-36))?
4
What is the units digit of ((-407)/(-66))/(1/(-116))*(-330)/20?
3
Suppose w = 4*w - 129. Let b = w + -40. Suppose 22 = u + b. What is the tens digit of u?
1
Let w = 209 + -204. Suppose -4*o = z - 4*z - 1277, 5*o - 1640 = -w*z. What is the units digit of o?
3
Let v(l) = 2*l**3 + 3*l**2 + 6*l. Let y(q) = q**2 + 1. Let i(g) = -v(g) - 6*y(g). What is the hundreds digit of i(-7)?
2
Suppose -4*k + 44991 = 3*z, -4*k - 48319 + 123296 = 5*z. What is the thousands digit of z?
4
Let t = 28711 + -19682. What is the units digit of t?
9
Let z be (38/(-4))/(15/720). Let g = -128 - z. What is the units digit of g?
8
Suppose 19*s - 20*s + 3 = 0. Suppose 0 = s*t - 7*t. Let m(p) = -p + 70. What is the units digit of m(t)?
0
Suppose 5*l + 3*z + 736 = 0, 7 + 289 = -2*l - 2*z. What is the units digit of l*(1 - 4) + (-116 - -117)?
9
Let x = 12104 - 3915. What is the thousands digit of x?
8
Let c(h) = 7*h + 4 - 3*h**2 - 4*h**2 + 0*h**2 + 2*h**2 + h**3. Let v be c(8). Let n = v - 138. What is the hundreds digit of n?
1
Suppose -11*l + 3649 = -432. Suppose -47*o + 40*o + l = 0. Let z = 145 - o. What is the tens digit of z?
9
Let c be (542 + 4)*((-33)/(-6) + -2). Suppose -3*o + 3*t + c = 0, 3*t - 2*t = -1. What is the units digit of o?
6
Let v = 3328 + 2905. What is the thousands digit of v?
6
Suppose -2*p + 63 = 73. Suppose 5*w + 2160 = -0*w. What is the tens digit of 4/(-10) + w/p?
8
Let w = -23280 - -33297. What is the thousands digit of w?
0
What is the thousands digit of (201/134)/(3/14194)?
7
Suppose -15 = k - 4*k. Let q(d) = -68*d + 69. Let n be q(1). What is the units digit of (186/15)/(n/k)?
2
Let g(f) = -38*f - 24. Let m be g(-3). Let y = m + -73. What is the units digit of y?
7
Let l(b) = b**2 - 16*b + 31. Let p be l(14). Suppose 738 = p*n - 852. What is the hundreds digit of n?
5
What is the hundreds digit of (2 - 1) + 14/(168/399180) + -6?
2
Let c = 20177 + 579. What is the hundreds digit of c?
7
Let w(y) be the third derivative of -y**5/60 - y**4/8 + 5*y**3/2 + 11*y**2. Let k be w(-5). Suppose -50 - 40 = -k*a. What is the tens digit of a?
1
What is the tens digit of -1 - (-32580 - ((28/1)/(-7) - 1))?
7
Suppose -21*g = -10*g - 10*g - 11743. What is the thousands digit of g?
1
Let x = 91519 - 64211. What is the units digit of x?
8
Let j(o) = -o**2 - 30*o + 68. Let x be j(-32). Let p(u) = 31*u**2 + 5*u - 20. What is the hundreds digit of p(x)?
4
What is the tens digit of ((-24)/(-255))/((-48)/(-60)) + (-1042030)/(-17)?
9
Let h(r) = r**2 + 7*r - 18. Let t = 85 + -83. Let f be h(t). Suppose b - p - 261 + 67 = f, 3*p + 772 = 4*b. What is the hundreds digit of b?
1
Let c = -15820 - -25603. What is the tens digit of c?
8
Let n(x) = -106*x. Let d be n(1). Suppose 0 = 5*r - 5*u - 1025, 3*r + u - 155 - 472 = 0. Let c = r + d. What is the hundreds digit of c?
1
Let v = 12 - 10. Let k be (-8)/16 - (v + 9/(-2)). Suppose 4*r + 0*r - 102 = -k*t, 3*t + r = 163. What is the tens digit of t?
5
Suppose 5207868 = 11*b + 4*b + 93*b. What is the hundreds digit of b?
2
Let y = -20041 + 30858. What is the units digit of y?
7
Let n(u) be the first derivative of 1/3*u**3 + 20 - 7*u - u**2. What is the hundreds digit of n(-10)?
1
Let v = -24 + 22. What is the tens digit of -15*(-4)/(-9)*87/v?
9
Let z = -89 - -91. What is the units digit of (1005/(-20) - -8)/(z/(-24))?
7
Suppose -5*t + 1 + 9 = 0. Suppose -3*k + 1007 = -t*i, -5*i = -7*i + 10. What is the units digit of k?
9
Let q(a) = a**3 + a + 1. Let j(p) = -4*p**3 + 3*p**2 + 9